rs of g?
139
Suppose -3*n - 25 = l, 0*l = -n - 5*l + 15. Let h = -2 - n. Let w = 3 + h. List the prime factors of w.
11
Let y = -1 - -6. List the prime factors of y.
5
What are the prime factors of (-2)/6 + 245/15?
2
Let m(n) = 7*n**2. List the prime factors of m(-2).
2, 7
Suppose 2*d + 4 = 3*d. Let w be d + 0 - (-1 + 2). Suppose -w*u = -0*u - 12. What are the prime factors of u?
2
Let b = 8 - 4. Let f = b - 2. Suppose -f*u - 9 + 30 = 3*o, 0 = -3*u + 4*o - 11. List the prime factors of u.
3
List the prime factors of 124 - 1 - (1 - (-5 + 3)).
2, 3, 5
Suppose 4*t - 8 = 0, 0 = -4*c - c + 5*t - 75. Let a = c - -18. What are the prime factors of a?
5
Let y(a) = a**3 - 9*a**2 + 10*a - 11. Let l be y(8). Suppose -4*b - 56 = -4*m, 51 = l*m - b - 27. Suppose -3*o + m = -11. What are the prime factors of o?
3
Let r = 2 - 5. Let s = 5 + r. Suppose 0 = -s*z - 0*z + 18. What are the prime factors of z?
3
Suppose 3*j - 69 = -i, i - 336 = -3*i + 3*j. List the prime factors of i.
3
Let k = 303 - 210. List the prime factors of k.
3, 31
Suppose -4*f = -5*f + 3*g + 28, -g - 92 = -3*f. List the prime factors of f.
31
Let j be (10/4)/(7/14). Suppose -v = -5*k - 26, 2*v - j*k - 170 = -3*v. What are the prime factors of v?
2, 3
Suppose -5*n + 2*n - 3*r + 594 = 0, -4*n = 5*r - 788. List the prime factors of n.
2, 101
Let c be (-3 + 1)/(4/(-6)). Suppose -3*a = -5*m + 51, -3*m + 2*m = -3*a - 3. Suppose m = c*r - 2*r. What are the prime factors of r?
2, 3
Suppose d - 8 = 5*d. Let z be (1*(d - -2))/(-2). Suppose 0*r + r - 5 = z. List the prime factors of r.
5
Let t(j) = j**2 + j - 22. What are the prime factors of t(-9)?
2, 5
Suppose 4*z = 5*x - 2264 + 467, 4*z - 8 = 0. What are the prime factors of x?
19
Let c(x) = -3*x**3 - 3*x + 2. List the prime factors of c(-3).
2, 23
Suppose -2*n - 5*o = n - 20, -n = 3*o - 8. Suppose j + 2*g + 3 = 0, -5*j - 3*g = -0*g - 6. Suppose -n = j*m - 17. What are the prime factors of m?
2
Suppose 4*u = 36 + 8. Suppose -5*j = -u - 9. What are the prime factors of j?
2
Let a = -50 - -267. What are the prime factors of a?
7, 31
Let w(q) = -q**3 + q**2 - 1. Suppose 16 = -4*m + 4. List the prime factors of w(m).
5, 7
Let b(l) = 4*l**2 - 1. Let q(u) = u**2 - 1. Let y(v) = -b(v) + 5*q(v). List the prime factors of y(-5).
3, 7
List the prime factors of 18*-21*(-1)/9.
2, 3, 7
Suppose 0 = -x + a - 71, -3*x - 105 - 111 = -2*a. Let v be x/(-14) - 20/70. Suppose -r - 2*f + 17 = -0*r, 0 = -v*r - 2*f + 61. List the prime factors of r.
11
Suppose -3*r + 4 = -101. List the prime factors of r.
5, 7
Suppose 0 = 2*h - 270 - 42. What are the prime factors of h?
2, 3, 13
Let i = -9 - -7. Let h = i - -5. Suppose -h*y = -2*y - 4. What are the prime factors of y?
2
Suppose 0 = 6*j + 11 - 221. What are the prime factors of j?
5, 7
Suppose 2*q + 76 = 3*v, -v + 3*q = 2*q - 24. List the prime factors of v.
2, 7
Let c(f) = 6*f**2 + 2*f - 1. Let w(u) = -u**3 + 7*u**2 - 6*u + 2. Let j be w(6). Suppose -j*b - 1 = -3. List the prime factors of c(b).
7
Let i = 1 - 3. Let p(v) = v**2 - v. List the prime factors of p(i).
2, 3
Let g = -17 - -45. Let r = g - 9. List the prime factors of r.
19
Suppose -103 = -4*s + 3*o, 0*s = -s - 3*o + 37. Suppose 4*l - 2*a = -s, 4*a - 8 = 2*a. What are the prime factors of 2/l - (-57)/5?
11
Let a(u) = -3*u**2 - u + 2. Let t be a(-2). What are the prime factors of 2*3/t*-4?
3
Let v be ((-2)/1 - -1)/1. Let j(f) = -f**3 - f**2 - 11. Let x be j(0). What are the prime factors of x/v - (3 + -4)?
2, 3
Let o = 26 - 30. Let f(n) = n**3 + 3*n**2 - 5*n. What are the prime factors of f(o)?
2
Let f = 5 + -2. Suppose f*k = 3*y - 8 - 4, 5*y + 2*k - 20 = 0. Suppose 4*w - y = 40. What are the prime factors of w?
11
Let a(i) = i**2 - 3*i - 5. Let c be a(4). Let w = 4 + c. What are the prime factors of w?
3
Let t be 1 - 4 - (-5 + -2). List the prime factors of 2 - (-17 - 3)/t.
7
What are the prime factors of 928/14 - 14/49?
2, 3, 11
Let o(u) = 3*u**3 - 36*u**2 - 47*u - 53. Let q(h) = h**3 - 12*h**2 - 16*h - 18. Let w(d) = -3*o(d) + 8*q(d). List the prime factors of w(13).
3, 5
Suppose 0 = 4*f + 8, 0 = -5*b - 3*f - 163 + 42. What are the prime factors of b/(-7) - 6/21?
3
Suppose -4*f + 2 + 12 = -2*k, 5*k = 3*f. Suppose 0*v = -f*v + 55. List the prime factors of v.
11
Let k(p) be the first derivative of p**3 + 3*p**2/2 - 2. List the prime factors of k(-2).
2, 3
Let x be 3*(4/6 - -2). Let m = 16 + -9. Suppose 5*j - x - m = 0. What are the prime factors of j?
3
Let z(v) = -v**2 + 5*v - 1. Let d be z(4). Suppose i + 12 = d*i. What are the prime factors of i?
2, 3
Suppose 22 = 3*i + 4. List the prime factors of ((-28)/i)/(4/(-6)).
7
Suppose -3*h + 31 = -8. Suppose 5*i - 53 = -2*c, -i + 6 + h = c. Suppose 14 = -2*f - 4*v - 2, -4*v - c = 3*f. List the prime factors of f.
2
Let c(t) = t + 2. Let w be c(6). Let q = 0 + w. What are the prime factors of q?
2
Suppose -3*l - d - 4*d = -106, -5*l + d + 158 = 0. What are the prime factors of l?
2
Let c(w) = 4*w + 27. Let i(j) = j + 9. Let q(t) = -2*c(t) + 7*i(t). Let v be q(5). Suppose -v*l + 12 = -0*l. List the prime factors of l.
3
Let w(o) = 5*o**2 - 9*o + 6. List the prime factors of w(4).
2, 5
What are the prime factors of (93/(-2))/((-2)/8) - -2?
2, 47
Suppose -r + 3*p + 3 = 0, -3*p = 2*r - 7*r + 63. List the prime factors of r.
3, 5
Let s(y) = -55*y + 14. What are the prime factors of s(-6)?
2, 43
Let f = -10 + 27. Let y = f + -2. What are the prime factors of y?
3, 5
Suppose 13 = -4*i - 3*a, 2*i + 3*i - a = -2. What are the prime factors of (-28)/(1/(0 + i))?
2, 7
Let x(f) = -4*f - 3. Let u = -11 + 7. List the prime factors of x(u).
13
Let i(q) = 66*q**2 - q + 1. Let u be i(1). List the prime factors of u*(2 + 0)/6.
2, 11
Suppose 0 = 3*a - 5*a + 152. Let h = a - 28. Suppose 6*i - h = 2*i. What are the prime factors of i?
2, 3
Let w = 85 + -12. Suppose 4*l + 5*a - w = 0, -5*l - a + 60 = -26. What are the prime factors of l?
17
Let x(v) = 22*v**2 + 2*v + 1. Suppose 4*c = 2*c + 4. Let m be 4*(-2)/c + 3. List the prime factors of x(m).
3, 7
Suppose -14*v = -678 - 820. What are the prime factors of v?
107
Suppose -14 + 44 = o. List the prime factors of o.
2, 3, 5
Suppose -3*q + 12 = 0, 648 = 4*v - 0*v - 5*q. What are the prime factors of v?
167
Let x be 10*(-3 - (-33)/15). Let q = x - -10. What are the prime factors of 21 + 1 - (-1 + q)?
3, 7
Let l be 175/(-14)*(-1 + -1). List the prime factors of l - 0/(-1)*1.
5
Suppose 2*l - 15 - 15 = 0. Suppose -u + 5*u = 24. Let c = l - u. What are the prime factors of c?
3
Suppose -108*p + 102*p + 1200 = 0. What are the prime factors of p?
2, 5
Let l(r) = 2*r - 3. Let v be l(3). Suppose x - 64 = -4*x - 4*n, x + v*n - 15 = 0. Suppose -4*y - x = -40. What are the prime factors of y?
7
Let s = 271 + -14. What are the prime factors of s?
257
Let r(z) = -z - 5. Let k be r(-5). Let i = k - -7. Let f = i - 5. List the prime factors of f.
2
Let n be 2/(-6) + 88/12. Let s(o) = 2*o**2 - 9*o - 10. List the prime factors of s(n).
5
What are the prime factors of (-471)/(-6)*22/11?
157
What are the prime factors of (164/(-10))/((-4)/(-40)*-2)?
2, 41
List the prime factors of 3/(-9) - (-444)/9.
7
Suppose 4*l + 5 = b - 11, 0 = 2*b + 2*l + 18. Let x = -2 - b. List the prime factors of x.
2
Suppose 5*z + 0*z - 4*r = 440, 3*r = 2*z - 169. Suppose -z = -0*q - 4*q. List the prime factors of q.
23
Suppose -y = 5*w + 2*y - 3, y + 4 = 0. Suppose w*m - 9 = 12. List the prime factors of m.
7
Let j = 1 - -3. Suppose 0 = -j*i + 60 - 0. What are the prime factors of i?
3, 5
List the prime factors of (-6)/(-36) - 118/(-12).
2, 5
Suppose 32*u - 54 = 29*u. What are the prime factors of u?
2, 3
Suppose -2*y = -125 - 3. What are the prime factors of y?
2
Let j(u) = u**3 + 10*u**2 + u + 14. Let q be j(-10). Suppose 3*z + 2*z = 3*d + 2, 2 = 3*d - q*z. List the prime factors of d.
2, 3
Let a = 8 - 4. Suppose -4*v + 13 = -3*y, -1 = -2*y + 1. Suppose v*w = 6*w - 5*n - 33, 0 = a*w + 3*n - 53. List the prime factors of w.
2, 7
Let s(a) = 21*a. List the prime factors of s(2).
2, 3, 7
Let h be 6*11 + 7 + -4. Suppose 3*p + 0*p = h. List the prime factors of p.
23
Let k = -15 + 31. Suppose 0 = -4*b + k - 0. List the prime factors of b.
2
Let t = -266 - -389. List the prime factors of t.
3, 41
Let o = -3 - -5. Suppose 2*i = -2*